{"id":12,"date":"2014-12-18T11:08:13","date_gmt":"2014-12-18T11:08:13","guid":{"rendered":"http:\/\/www.rostigeresel.at\/test\/wordpress\/?page_id=12"},"modified":"2026-03-23T07:04:53","modified_gmt":"2026-03-23T07:04:53","slug":"reperatur","status":"publish","type":"page","link":"https:\/\/www.rostigeresel.at\/?page_id=12","title":{"rendered":"Preisliste"},"content":{"rendered":"<p><strong>Service \u20ac 77,-<\/strong><\/p>\n<p>O Bremsen reinigen und einstellen<br \/>O Schaltung reinigen und einstellen, Schaltauge vermessen und ggf. ausrichten<br \/>O Kontrolle der Schraubverbindungen<br \/>O Lager auf Spiel pr\u00fcfen<br \/>O Laufr\u00e4der zentrieren<br \/>O Abschmieren<br \/>O Reifendruck<br \/>O Ergonomische Einstellung<br \/>O Reinigung von Schmutz\/\u00d6l (Achtung, keine Grundreinigung\/Fahrradw\u00e4sche)<br \/>O Probefahrt<\/p>\n<p>Ersatzteile nicht inkludiert, zus\u00e4tzliche Reparaturen werden im Rahmen einer im Voraus beim Kostenvoranschlag getroffenen Kostenfreigabe extra verrechnet.<\/p>\n<p><strong>Schlauchwechsel ab \u20ac 20,- (Aufpreise bei Kettenkasten, Nabenschaltung u. a.)<\/strong><\/p>\n<p><strong>Laufrad einspeichen ab \u20ac 90,- + \u20ac 1,-\/Speiche + Felge nach Wahl + Nabe nach Wahl<\/strong><\/p>\n<p><strong>Hydraulische Scheibenbremse entl\u00fcften\/bef\u00fcllen ab \u20ac 35,- (Aufpreis bei DOT \u20ac 10,-)<br \/><\/strong><\/p>\n<p><strong>Bei Einstellarbeiten an Einzelkomponenten wird aufgrund der Vielf\u00e4ltigkeit der Systeme und der unterschiedlichen Anspr\u00fcche der jeweilige Arbeitsaufwand verrechnet.<\/strong><\/p>\n<p><strong>Generell gilt bei uns 1 Stunde = \u20ac 100<\/strong><\/p>\n<p>Am besten k\u00f6nnen wir Preise f\u00fcr Reparaturen absch\u00e4tzen, wenn ihr mit dem Fahrrad in die Werkstatt kommt und einen Kostenvoranschlag machen lasst. Dieser ist f\u00fcr die KundInnen unverbindlich.<\/p>\n<p>Wir stellen f\u00fcr die Dauer der Reparatur kostenlos ein Leihrad zur Verf\u00fcgung (nur wenn ausreichend vorhanden sind)<\/p>\n<p><a class=\"synved-social-button synved-social-button-share synved-social-size-48 synved-social-resolution-single synved-social-provider-facebook nolightbox\" style=\"font-size: 0px; width: 48px; height: 48px; margin: 0; margin-bottom: 5px; margin-right: 5px;\" title=\"Share on Facebook\" href=\"http:\/\/www.facebook.com\/sharer.php?u=http%3A%2F%2Fwww.rostigeresel.at%2Fwp-admin%2Fadmin-ajax.php%3Faction%3Dso_panels_import_layout%26_panelsnonce%3D2ec854449f&amp;t=&amp;s=100&amp;p[url]=http%3A%2F%2Fwww.rostigeresel.at%2Fwp-admin%2Fadmin-ajax.php%3Faction%3Dso_panels_import_layout%26_panelsnonce%3D2ec854449f&amp;p[images][0]=&amp;p[title]=\" target=\"_blank\" rel=\"nofollow noopener noreferrer\" data-provider=\"facebook\"><img loading=\"lazy\" decoding=\"async\" class=\"synved-share-image synved-social-image synved-social-image-share\" style=\"display: inline; width: 48px; height: 48px; margin: 0; padding: 0; border: none; box-shadow: none;\" title=\"Share on Facebook\" src=\"https:\/\/www.rostigeresel.at\/wp-content\/plugins\/social-media-feather\/synved-social\/image\/social\/regular\/96x96\/facebook.png\" alt=\"facebook\" width=\"48\" height=\"48\" \/><\/a><a class=\"synved-social-button synved-social-button-share synved-social-size-48 synved-social-resolution-single synved-social-provider-twitter nolightbox\" style=\"font-size: 0px; width: 48px; height: 48px; margin: 0; margin-bottom: 5px; margin-right: 5px;\" title=\"Share on Twitter\" href=\"http:\/\/twitter.com\/share?url=http%3A%2F%2Fwww.rostigeresel.at%2Fwp-admin%2Fadmin-ajax.php%3Faction%3Dso_panels_import_layout%26_panelsnonce%3D2ec854449f&amp;text=Hey%20check%20this%20out\" target=\"_blank\" rel=\"nofollow noopener noreferrer\" data-provider=\"twitter\"><img loading=\"lazy\" decoding=\"async\" class=\"synved-share-image synved-social-image synved-social-image-share\" style=\"display: inline; width: 48px; height: 48px; margin: 0; padding: 0; border: none; box-shadow: none;\" title=\"Share on Twitter\" src=\"https:\/\/www.rostigeresel.at\/wp-content\/plugins\/social-media-feather\/synved-social\/image\/social\/regular\/96x96\/twitter.png\" alt=\"twitter\" width=\"48\" height=\"48\" \/><\/a><a class=\"synved-social-button synved-social-button-share synved-social-size-48 synved-social-resolution-single synved-social-provider-google_plus nolightbox\" style=\"font-size: 0px; width: 48px; height: 48px; margin: 0; margin-bottom: 5px; margin-right: 5px;\" title=\"Share on Google+\" href=\"https:\/\/plus.google.com\/share?url=http%3A%2F%2Fwww.rostigeresel.at%2Fwp-admin%2Fadmin-ajax.php%3Faction%3Dso_panels_import_layout%26_panelsnonce%3D2ec854449f\" target=\"_blank\" rel=\"nofollow noopener noreferrer\" data-provider=\"google_plus\"><img loading=\"lazy\" decoding=\"async\" class=\"synved-share-image synved-social-image synved-social-image-share\" style=\"display: inline; width: 48px; height: 48px; margin: 0; padding: 0; border: none; box-shadow: none;\" title=\"Share on Google+\" src=\"https:\/\/www.rostigeresel.at\/wp-content\/plugins\/social-media-feather\/synved-social\/image\/social\/regular\/96x96\/google_plus.png\" alt=\"google_plus\" width=\"48\" height=\"48\" \/><\/a><a class=\"synved-social-button synved-social-button-share synved-social-size-48 synved-social-resolution-single synved-social-provider-reddit nolightbox\" style=\"font-size: 0px; width: 48px; height: 48px; margin: 0; margin-bottom: 5px; margin-right: 5px;\" title=\"Share on Reddit\" href=\"http:\/\/www.reddit.com\/submit?url=http%3A%2F%2Fwww.rostigeresel.at%2Fwp-admin%2Fadmin-ajax.php%3Faction%3Dso_panels_import_layout%26_panelsnonce%3D2ec854449f&amp;title=\" target=\"_blank\" rel=\"nofollow noopener noreferrer\" data-provider=\"reddit\"><img loading=\"lazy\" decoding=\"async\" class=\"synved-share-image synved-social-image synved-social-image-share\" style=\"display: inline; width: 48px; height: 48px; margin: 0; padding: 0; border: none; box-shadow: none;\" title=\"Share on Reddit\" src=\"https:\/\/www.rostigeresel.at\/wp-content\/plugins\/social-media-feather\/synved-social\/image\/social\/regular\/96x96\/reddit.png\" alt=\"reddit\" width=\"48\" height=\"48\" \/><\/a><a class=\"synved-social-button synved-social-button-share synved-social-size-48 synved-social-resolution-single synved-social-provider-pinterest nolightbox\" style=\"font-size: 0px; width: 48px; height: 48px; margin: 0; margin-bottom: 5px; margin-right: 5px;\" title=\"Pin it with Pinterest\" href=\"http:\/\/pinterest.com\/pin\/create\/button\/?url=http%3A%2F%2Fwww.rostigeresel.at%2Fwp-admin%2Fadmin-ajax.php%3Faction%3Dso_panels_import_layout%26_panelsnonce%3D2ec854449f&amp;media=&amp;description=\" target=\"_blank\" rel=\"nofollow noopener noreferrer\" data-provider=\"pinterest\"><img loading=\"lazy\" decoding=\"async\" class=\"synved-share-image synved-social-image synved-social-image-share\" style=\"display: inline; width: 48px; height: 48px; margin: 0; padding: 0; border: none; box-shadow: none;\" title=\"Pin it with Pinterest\" src=\"https:\/\/www.rostigeresel.at\/wp-content\/plugins\/social-media-feather\/synved-social\/image\/social\/regular\/96x96\/pinterest.png\" alt=\"pinterest\" width=\"48\" height=\"48\" \/><\/a><a class=\"synved-social-button synved-social-button-share synved-social-size-48 synved-social-resolution-single synved-social-provider-linkedin nolightbox\" style=\"font-size: 0px; width: 48px; height: 48px; margin: 0; margin-bottom: 5px; margin-right: 5px;\" title=\"Share on Linkedin\" href=\"http:\/\/www.linkedin.com\/shareArticle?mini=true&amp;url=http%3A%2F%2Fwww.rostigeresel.at%2Fwp-admin%2Fadmin-ajax.php%3Faction%3Dso_panels_import_layout%26_panelsnonce%3D2ec854449f&amp;title=\" target=\"_blank\" rel=\"nofollow noopener noreferrer\" data-provider=\"linkedin\"><img loading=\"lazy\" decoding=\"async\" class=\"synved-share-image synved-social-image synved-social-image-share\" style=\"display: inline; width: 48px; height: 48px; margin: 0; padding: 0; border: none; box-shadow: none;\" title=\"Share on Linkedin\" src=\"https:\/\/www.rostigeresel.at\/wp-content\/plugins\/social-media-feather\/synved-social\/image\/social\/regular\/96x96\/linkedin.png\" alt=\"linkedin\" width=\"48\" height=\"48\" \/><\/a><a class=\"synved-social-button synved-social-button-share synved-social-size-48 synved-social-resolution-single synved-social-provider-mail nolightbox\" style=\"font-size: 0px; width: 48px; height: 48px; margin: 0; margin-bottom: 5px;\" title=\"Share by email\" href=\"mailto:?subject=&amp;body=Hey%20check%20this%20out:%20http%3A%2F%2Fwww.rostigeresel.at%2Fwp-admin%2Fadmin-ajax.php%3Faction%3Dso_panels_import_layout%26_panelsnonce%3D2ec854449f\" rel=\"nofollow\" data-provider=\"mail\"><img loading=\"lazy\" decoding=\"async\" class=\"synved-share-image synved-social-image synved-social-image-share\" style=\"display: inline; width: 48px; height: 48px; margin: 0; padding: 0; border: none; box-shadow: none;\" title=\"Share by email\" src=\"https:\/\/www.rostigeresel.at\/wp-content\/plugins\/social-media-feather\/synved-social\/image\/social\/regular\/96x96\/mail.png\" alt=\"mail\" width=\"48\" height=\"48\" \/><\/a><\/p>\n\n\n<p><\/p>\n","protected":false},"excerpt":{"rendered":"<p>Service \u20ac 77,- O Bremsen reinigen und einstellenO Schaltung reinigen und einstellen, Schaltauge vermessen und ggf. ausrichtenO Kontrolle der SchraubverbindungenO Lager auf Spiel pr\u00fcfenO Laufr\u00e4der zentrierenO AbschmierenO ReifendruckO Ergonomische EinstellungO Reinigung von Schmutz\/\u00d6l (Achtung, keine Grundreinigung\/Fahrradw\u00e4sche)O Probefahrt Ersatzteile nicht inkludiert,&hellip;<\/p>\n<p class=\"more-link-p\"><a class=\"more-link\" href=\"https:\/\/www.rostigeresel.at\/?page_id=12\">Read more &rarr;<\/a><\/p>\n","protected":false},"author":1,"featured_media":0,"parent":0,"menu_order":0,"comment_status":"closed","ping_status":"closed","template":"","meta":{"footnotes":""},"class_list":["post-12","page","type-page","status-publish","hentry"],"_links":{"self":[{"href":"https:\/\/www.rostigeresel.at\/index.php?rest_route=\/wp\/v2\/pages\/12","targetHints":{"allow":["GET"]}}],"collection":[{"href":"https:\/\/www.rostigeresel.at\/index.php?rest_route=\/wp\/v2\/pages"}],"about":[{"href":"https:\/\/www.rostigeresel.at\/index.php?rest_route=\/wp\/v2\/types\/page"}],"author":[{"embeddable":true,"href":"https:\/\/www.rostigeresel.at\/index.php?rest_route=\/wp\/v2\/users\/1"}],"replies":[{"embeddable":true,"href":"https:\/\/www.rostigeresel.at\/index.php?rest_route=%2Fwp%2Fv2%2Fcomments&post=12"}],"version-history":[{"count":27,"href":"https:\/\/www.rostigeresel.at\/index.php?rest_route=\/wp\/v2\/pages\/12\/revisions"}],"predecessor-version":[{"id":1296,"href":"https:\/\/www.rostigeresel.at\/index.php?rest_route=\/wp\/v2\/pages\/12\/revisions\/1296"}],"wp:attachment":[{"href":"https:\/\/www.rostigeresel.at\/index.php?rest_route=%2Fwp%2Fv2%2Fmedia&parent=12"}],"curies":[{"name":"wp","href":"https:\/\/api.w.org\/{rel}","templated":true}]}}